45499948?
2, 17, 563, 24697
What are the prime factors of 2717039611?
11, 13, 23, 37, 83, 269
What are the prime factors of 95317465?
5, 197, 96769
List the prime factors of 61026148.
2, 15256537
What are the prime factors of 56083949?
61, 919409
What are the prime factors of 26601304?
2, 197, 16879
What are the prime factors of 3639711?
3, 103, 11779
What are the prime factors of 125497283?
125497283
What are the prime factors of 52425120?
2, 3, 5, 11, 9929
What are the prime factors of 104627781?
3, 47, 9161
List the prime factors of 82340615.
5, 7, 2352589
What are the prime factors of 1888859737?
617, 883, 3467
What are the prime factors of 51628887?
3, 557, 3433
What are the prime factors of 79211539?
11, 7201049
What are the prime factors of 29007027?
3, 7, 271, 1699
List the prime factors of 5236081581.
3, 1745360527
What are the prime factors of 5763216442?
2, 211, 13656911
List the prime factors of 5178858670.
2, 5, 517885867
List the prime factors of 580961432.
2, 72620179
What are the prime factors of 587239059?
3, 11, 23, 457, 1693
What are the prime factors of 1918579166?
2, 7, 17, 167, 48271
List the prime factors of 1902242799.
3, 23484479
List the prime factors of 97391956.
2, 31, 241, 3259
What are the prime factors of 5752165613?
5752165613
What are the prime factors of 762678279?
3, 11, 29, 211, 1259
What are the prime factors of 15687667?
37, 423991
List the prime factors of 50009291.
17, 23, 79, 1619
What are the prime factors of 3636076207?
4363, 833389
List the prime factors of 14090176.
2, 137, 1607
List the prime factors of 699380086.
2, 4349, 80407
List the prime factors of 4856006453.
19, 271, 943097
What are the prime factors of 22442858?
2, 3169, 3541
List the prime factors of 470330931.
3, 7, 2741, 8171
What are the prime factors of 717631746?
2, 3, 13, 9200407
List the prime factors of 6376567456.
2, 7, 47, 137, 4421
What are the prime factors of 4331529661?
4331529661
What are the prime factors of 2374070308?
2, 653, 908909
List the prime factors of 40264261.
479, 84059
List the prime factors of 2064320463.
3, 773, 890177
List the prime factors of 3266906373.
3, 362989597
What are the prime factors of 54949871?
54949871
What are the prime factors of 191621487?
3, 23, 281, 9883
What are the prime factors of 48359680?
2, 5, 37781
List the prime factors of 3181950546.
2, 3, 31, 17107261
List the prime factors of 635252437.
635252437
What are the prime factors of 2402412489?
3, 311, 858311
List the prime factors of 1511739395.
5, 433, 698263
What are the prime factors of 100995001?
23, 4391087
What are the prime factors of 285905565?
3, 5, 11, 192529
What are the prime factors of 23803955?
5, 7, 97159
List the prime factors of 5424277470.
2, 3, 5, 4933, 36653
List the prime factors of 94681055.
5, 7, 43, 53, 1187
What are the prime factors of 2922891806?
2, 53, 27574451
List the prime factors of 1172252343.
3, 449, 487, 1787
What are the prime factors of 334862220?
2, 3, 5, 7, 11, 72481
What are the prime factors of 4052607890?
2, 5, 405260789
What are the prime factors of 3758051779?
37, 43, 1009, 2341
List the prime factors of 585175163.
2347, 249329
What are the prime factors of 127683811?
127683811
List the prime factors of 452764696.
2, 293, 419, 461
List the prime factors of 57776827.
57776827
List the prime factors of 400218901.
617, 648653
What are the prime factors of 140853575?
5, 61, 92363
What are the prime factors of 212926036?
2, 191, 337, 827
What are the prime factors of 132725092?
2, 33181273
What are the prime factors of 3783435635?
5, 7, 61, 1772101
What are the prime factors of 57068040?
2, 3, 5, 109, 4363
What are the prime factors of 36350408?
2, 4543801
List the prime factors of 223495329.
3, 53, 1405631
What are the prime factors of 464857409?
79, 5884271
List the prime factors of 530091733.
101, 5248433
List the prime factors of 29296778.
2, 7, 467, 4481
What are the prime factors of 4902782567?
4902782567
List the prime factors of 1718758279.
7, 245536897
List the prime factors of 5577420816.
2, 3, 11, 19, 47, 3943
What are the prime factors of 146114477?
146114477
List the prime factors of 44393373.
3, 1644199
What are the prime factors of 25963773?
3, 11, 67, 11743
List the prime factors of 24711005.
5, 11, 37, 12143
List the prime factors of 172425324.
2, 3, 53, 271109
What are the prime factors of 238331222?
2, 29, 1811, 2269
What are the prime factors of 279649413?
3, 31072157
What are the prime factors of 54457557?
3, 7, 11, 235747
What are the prime factors of 443884541?
3413, 130057
List the prime factors of 26074543.
11, 509, 4657
What are the prime factors of 28866613?
1103, 26171
What are the prime factors of 1573443562?
2, 2087, 376963
What are the prime factors of 62517431?
2503, 24977
What are the prime factors of 4200785807?
29, 144854683
List the prime factors of 587310748.
2, 19, 31, 109, 2287
What are the prime factors of 6337279820?
2, 5, 613, 516907
List the prime factors of 3896887537.
3896887537
What are the prime factors of 21916156?
2, 1637, 3347
List the prime factors of 76550052.
2, 3, 79, 80749
List the prime factors of 1457510157.
3, 161945573
List the prime factors of 3434235266.
2, 7, 11, 457, 6971
List the prime factors of 131245572.
2, 3, 10937131
What are the prime factors of 8431665441?
3, 2810555147
What are the prime factors of 125703532?
2, 31425883
List the prime factors of 2011282363.
127, 15836869
What are the prime factors of 838279065?
3, 5, 13, 4298867
What are the prime factors of 3886697525?
5, 155467901
List the prime factors of 281803706.
2, 19, 59, 125693
What are the prime factors of 2887788712?
2, 360973589
List the prime factors of 452790431.
452790431
List the prime factors of 15855609.
3, 7, 11, 68639
What are the prime factors of 1174956861?
3, 13, 30127099
What are the prime factors of 256083242?
2, 23, 239, 23293
What are the prime factors of 33534053?
7, 4790579
What are the prime factors of 48189755?
5, 9637951
List the prime factors of 1065198468.
2, 3, 88766539
What are the prime factors of 65752165?
5, 257, 51169
What are the prime factors of 536280643?
19, 1213, 23269
List the prime factors of 66814542.
2, 3, 47, 78977
List the prime factors of 1157456974.
2, 578728487
List the prime factors of 1426453372.
2, 356613343
List the prime factors of 395955498.
2, 3, 31, 71, 29983
What are the prime factors of 3230720421?
3, 1076906807
List the prime factors of 21010530.
2, 3, 5, 67, 10453
List the prime factors of 86408519.
86408519
List the prime factors of 221576962.
2, 110788481
What are the prime factors of 36552067?
19, 1923793
What are the prime factors of 39116298?
2, 3, 13, 503, 997
What are the prime factors of 890628146?
2, 79, 71353
What are the prime factors of 1106550122?
2, 553275061
What are the prime factors of 42946763?
109, 394007
List the prime factors of 10127535.
3, 5, 11, 61379
List the prime factors of 138640309.
138640309
What are the prime factors of 188481483?
3, 157, 133391
List the prime factors of 80418128.
2, 7, 47, 15277
List the prime factors of 2737457545.
5, 241, 2271749
List the prime factors of 2028532330.
2, 5, 11, 1676473
List the prime factors of 114005108.
2, 7, 131, 31081
List the prime factors of 218393804.
2, 751, 72701
What are the prime factors of 21934183?
21934183
What are the prime factors of 139490954?
2, 313, 443, 503
List the prime factors of 3862548481.
11, 351140771
List the prime factors of 3952967.
3952967
List the prime factors of 106861858.
2, 53430929
What are the prime factors of 30412170?
2, 3, 5, 461, 733
List the prime factors of 38103534.
2, 3, 7, 33601
What are the prime factors of 58598693?
179, 467, 701
List the prime factors of 986668804.
2, 11, 22424291
What are the prime factors of 14449139?
19, 71, 10711
List the prime factors of 3701602742.
2, 3769, 491059
What are the prime factors of 14116800?
2, 3, 5, 17, 173
What are the prime factors of 751439798?
2, 101, 3719999
List the prime factors of 1444517671.
1444517671
List the prime factors of 1719523800.
2, 3, 5, 347, 2753
What are the prime factors of 468044410?
2, 5, 46804441
What are the prime factors of 60635749?
1319, 45971
List the prime factors of 256360597.
19, 73, 184831
What are the prime factors of 4